 Let c be z(14). Give i(c).
6
Let v be 10*((-4)/(-4))/(-1). Let i be (3/(-2))/(5/v). Suppose -i*n + 6 = -0. Let a(m) = 4*m - 1. Give a(n).
7
Let q(p) = -p - 33 + 4*p + 36 + 2*p. What is q(-4)?
-17
Let q(p) = p - 1. Let y(v) = 2*v + 4. Let o be y(-4). Let i be ((-21)/(-6) + o)*0. What is q(i)?
-1
Let j(s) = 2*s**2 + s. Suppose -4*d + 2 = -2*g, 6 = -5*d - 2*g - 14. Determine j(d).
6
Let l(s) = -s**3 + 3*s**2 + 53*s - 1. Let r be l(-6). Let n(q) = -q - 2. Determine n(r).
-7
Let r(b) be the first derivative of 2*b - 1/3*b**3 - b**2 + 17 + 1/2*b**4. What is r(2)?
10
Let z(h) be the first derivative of h**4/4 - 4*h**3/3 - 7*h**2/2 + 121. Calculate z(5).
-10
Let f(j) be the second derivative of -j**4/6 + j**3/6 + j**2/2 - 40*j. Calculate f(-4).
-35
Let p(y) = y + 5. Let q be (9 + -6)/((-9)/(-12)). Give p(q).
9
Let r = 453 + -447. Let y(l) = -l**2 + 3*l. Give y(r).
-18
Let a(k) = -8*k**3 - 2*k**2 + k. Suppose -g = -6*g - 5. Let s be 1*(g + -2)/(-3). Determine a(s).
-9
Let z(w) = w + 6*w - 3*w - 2*w. What is z(3)?
6
Suppose w - 4 + 0 = 0, 4*w = 2*a + 12. Suppose -a*m = -3*m - 2. Let j be ((-1)/m)/(4/48). Let s(k) = -k**3 + 7*k**2 - 6*k + 4. Calculate s(j).
4
Let u(o) = -o**3 + 8*o**2 - 13*o + 7. Let n = 10 - 4. Let y be u(n). Let b(f) = -5*f - 1. Calculate b(y).
-6
Let w(h) = -8 + 11*h - 6 - h**2 + 0*h**2. Let i be w(10). Let m be 5 - 7 - (-1 + i). Let b(s) = s**3 - 5*s**2 + 3*s + 3. What is b(m)?
-6
Let x be 27/2*(-6)/(-9). Let w(f) = 3*f**2 - 5*f**2 + x*f**2 - 1. Suppose -34 = 4*i - 38. Determine w(i).
6
Let a(i) = 5*i + 2. Let d(s) = 4*s + 1. Let r(l) = -3*a(l) + 4*d(l). Suppose 2*v - 5 = 11. Calculate r(v).
6
Let y(h) = -h**3 + 2*h**2 - 2*h. Let f be (2 - 8)/(-1 + -1). Suppose 0 = -2*q + 6*q - 4*r + 4, -4*q + 1 = -f*r. Let x be 7/q + (-1)/(-4). Give y(x).
-4
Suppose 0*a + 2 = 2*a. Let k(o) = -6*o - 9. Let c be k(-2). Let f(s) = 5 + s - 1 - 2 - c. Calculate f(a).
0
Suppose -24*w + 23*w + 2 = 0. Suppose 11*o - 26 = -w*o. Let r(h) = 4*h + 2. What is r(o)?
10
Let a be ((-4)/4)/1 + (-36)/36. Let s(r) = -4*r - 5. What is s(a)?
3
Suppose -4*g - w + 2*w = -11, 2*g = 2*w + 10. Let u(p) = 3*p**g - 4 + 98*p - p**3 - p**2 - 93*p. Suppose 0 = 2*o + 3*o - 15. Determine u(o).
2
Let r be 0/2 - (-4)/(-2). Let i(w) = -86 - 87 + 255 - 85 - 2*w - 4*w. Give i(r).
9
Let l(t) = -7*t**3 - 4*t**2 - 10*t - 6. Let s(u) = -20*u**3 - 12*u**2 - 29*u - 18. Let p(h) = -17*l(h) + 6*s(h). Give p(-4).
10
Let h(c) = -c**3 + 6*c**2 + c - 2. Suppose i - 2*z = 2*z + 26, 3*i + 2*z = 8. What is h(i)?
4
Let h(z) be the third derivative of -z**6/120 + z**5/12 + 5*z**4/24 - z**3/6 - 7*z**2. What is h(6)?
-7
Suppose -8 + 2 = -3*z. Let n(w) = w**3 - z*w**2 - w + 4*w**2 - 2*w**2 - w**2 + 1. Let y(h) = -3*h**3 - h**2 + 4*h - 1. Let v(b) = 4*n(b) + y(b). What is v(5)?
3
Let l(m) = -m**2 + 16*m - 18. Let c(o) = -o**3 - 19*o**2 - 3*o - 42. Let z be c(-19). Determine l(z).
-3
Let j(f) = -2*f**2 - 4*f + 6. Let v be j(-5). Let d = 23 + v. Let m(w) = -4*w - 2. Let o(p) = -p + 1. Let k(l) = 2*m(l) + 4*o(l). Determine k(d).
12
Let o(i) = 7*i**2 - 20*i + 19. Let z(t) = 8*t**2 - 20*t + 20. Let y(u) = -7*o(u) + 6*z(u). Calculate y(19).
6
Let m(u) = u**2 + 13*u + 4. Let o(q) = 5*q**2 + 66*q + 20. Let y(i) = -11*m(i) + 2*o(i). Calculate y(-11).
-4
Let q(j) = -j**3 + 3*j**2 - 3*j + 3. Let c = 73 - 71. Determine q(c).
1
Let g be 1 + -2 - (0 - 1). Suppose c = -g*c - 1. Let a(w) = 5*w**2 - 2*w + 1. Let x(j) = -j**2 - 1. Let z(v) = -a(v) - 2*x(v). What is z(c)?
-4
Suppose 1348 = -8*t + 1460. Let x(m) = -m**2 + 14*m - 6. Give x(t).
-6
Let m(w) = w**2 + w + 11. Let t(r) = r**3 + 15*r**2 - 34*r. Let x be t(-17). Calculate m(x).
11
Suppose -1 - 8 = -3*a. Let i(y) be the second derivative of -y**3/3 - 3*y. Let j be i(a). Let b(o) = 2*o + 3. Calculate b(j).
-9
Let l(m) be the third derivative of m**6/120 - m**5/10 - 7*m**4/24 + 7*m**3/6 - 278*m**2. What is l(7)?
7
Let v(t) = 3*t - 1. Let l(r) = -5*r - 4. Let g be l(-3). Let n be (3/(-6))/(-1 - (-38)/36). Let x = n + g. Give v(x).
5
Let n(b) be the second derivative of -b**3/6 + b**2 - 147*b. Determine n(8).
-6
Let j be 2*4/(-24) - (-896)/6. Let p(x) = 146 - x - x**2 - j - 4*x + 0*x. Give p(-6).
-9
Let s(a) be the third derivative of a**5/60 - a**4/8 + 78*a**2. Determine s(6).
18
Suppose -d = 3*d. Suppose 2*c + 3*v + v - 48 = d, v + 87 = 5*c. Let h = c - 21. Let o(l) = -l - 2. Determine o(h).
1
Let p(s) be the first derivative of s**2/2 - s - 1. Suppose n = -4*z + 12, -15*z + 17*z + 8 = -4*n. Determine p(n).
-5
Let g(t) = -t**3 + 4*t**2 + 3*t. Let m = 538 - 533. Give g(m).
-10
Let w be ((-26)/65)/(1/(-30)). Suppose -w*o = 95 - 35. Let a(g) = g**2 + 0 + 1 - 2 + 6*g. Calculate a(o).
-6
Let a(m) be the first derivative of -m**3/3 - 2*m**2 + 7*m + 156. Give a(-7).
-14
Let g = 15 + -9. Let j(i) = 5*i - 3*i - 2*i + 7 - 3*i. What is j(g)?
-11
Let r(d) be the first derivative of d**3/3 - d**2 + 2*d - 610. Calculate r(0).
2
Let t(b) = -6*b**3 - b**2 + 2*b - 1. Let v(r) = -r**3 - r**2 + r. Let w be (-4)/4 + 4 - -1. Suppose 0 = -0*q + w*q + 4. Let k(c) = q*t(c) + 2*v(c). Give k(-1).
-4
Let n(w) = -w + 7. Let d be n(0). Let c(a) = d*a**3 + a - 4 + 7 - 6*a**3 + 8. Calculate c(0).
11
Suppose -36 = -h - 3*h. Let d(x) = 11*x - 1 + 10*x**3 + h*x - 20*x. Calculate d(1).
9
Let k(b) be the first derivative of -b + 1/2*b**2 + 1/4*b**4 + 3 + b**3. Let d be 4/6*-3 - (-4 + 5). What is k(d)?
-4
Let n(i) = 2*i**2 - 8*i + 5. Let y = -2 - 7. Let s be (-47)/y + (-10)/45. What is n(s)?
15
Let j(r) = 4*r - 2. Let t be ((-6)/(-5))/(14/140). Suppose 5*n = n + t. Give j(n).
10
Let b(l) be the second derivative of l**5/20 - l**4/12 - 3*l**2 - 4*l. Let k = 19 - 30. Let a = 11 + k. Determine b(a).
-6
Let a(r) = -9*r**2 + 5*r - 2. Let z(h) = 8*h**2 - 6*h + 3. Let q(s) = 4*a(s) + 3*z(s). What is q(-1)?
-13
Let u(h) = -3*h**2 - 10*h - 11. Let x be (-175)/(-25)*12/(-14). Give u(x).
-59
Suppose -2*o + 3*q + 22 = 0, -5*o - 4*q - q = -30. Let g(t) = -2*t - t - 4 + o*t - 6*t. Determine g(-6).
2
Let i be (-2)/(-1) + 0/(-18). Let q(t) = 6*t - 3 - 5*t**i - 4 + 0*t**2 + 4*t**2. Let f(z) = z**3 + z**2 + 6. Let o be f(0). Determine q(o).
-7
Let u(b) = 6*b - 1. Suppose 0 = 9*d - 70 + 25. What is u(d)?
29
Let k be (128/80)/(2/5). Suppose k = -6*t + 4*t. Let l(s) = -s**2 + 2. Give l(t).
-2
Suppose -1 = 3*m + 5*i, 433*m - 9 = 428*m - 3*i. Let b(r) be the second derivative of -r**4/12 + 2*r**3/3 - r**2/2 - r. Calculate b(m).
2
Let m(z) = -18*z + z**2 - 3 + 19 - 8 + 13*z**2 - z**3. Calculate m(13).
-57
Let l(r) be the second derivative of -r**3/2 + 4*r**2 + 132*r. Calculate l(5).
-7
Let s(r) = -3*r - 10. Let h be s(-9). Let x = -14 + h. Let z(d) = -2*d**3 - d**3 - x + 2*d**3. Determine z(0).
-3
Let d(w) = 1 - 2*w**2 - 4*w**2 - 2*w + 2*w**2. Suppose 3*p = 2*r + 22, -4*p + 2*r + 3*r = -27. Suppose 0*g - 3*g + 6 = -3*t, -g = 5*t - p. Calculate d(t).
-5
Let w(f) = -6*f - 4. Let x(g) = 5*g + 3. Let k(s) = 3*w(s) + 4*x(s). Suppose 0 = 4*p - 2*p - 6. Give k(p).
6
Let o(d) be the first derivative of d**3/3 - 2*d**2 - 6*d + 96. Let c(b) = b**2 + 7*b + 11. Let l be c(-6). Calculate o(l).
-1
Let s(h) = -h + 0*h + 6*h**2 + h**3 + 0*h**3 + 12 - 17 + 0*h**3. Calculate s(-6).
1
Let r be (-20)/30*(30/4)/(-5). Let a(p) = -10*p**2 - p. What is a(r)?
-11
Let h(g) = -2*g - 10. Let f(c) = -6*c - 30. Let d(n) = 3*f(n) - 10*h(n). Give d(-5).
0
Let r(y) = -y + 9. Suppose -12 = s - 1. Suppose 0 = -7*i + 90 + 29. Let w = s + i. Calculate r(w).
3
Suppose a + 24 = 3*a - 3*q, 4*a + 5*q - 26 = 0. Let s(w) = w**2 - a*w + 94 - 174 + 85. What is s(4)?
-15
Let f(l) = 2*l**2 - 2*l - 1. Suppose 194*m + 2 = 196*m. Determine f(m).
-1
Let w(z) be the third derivative of -z**6/120 + z**5/60 + 7*z**3/6 - 640*z**2. Let l be (-1 + 5)/(-3 - -2). Let r(d) = -d - 4. Let u be r(l). What is w(u)?
7
Let g(t) = 4*t**2 + 4*t**3 + t + 14*t**2 - 16*t**2 - 5*t**3. Calculate g(2).
2
Suppose -44 = -4*c - 4*l, -2*c - 3*c - 4*l + 51 = 0. Suppose 3*n + 3*p + 14 = 5*p, n + c = 3*p. Let z(w) = -2*w + 4. Give z(n).
12
Let c(z) = z + 7. Let w = -27 + 32. Suppose 0 = -2*d + d - 3*h, 0 = w*d - 2*h. Calculate c(d).
7
Let g(y) = -y**2 + y. Let b(r) = -5*r**2 - r - 2. Let n(v) = b(v) - 4*g(v). Let k be n(-4). Let h(m) = -k*m + 3*m - 2*m + 5 + 0. What is h(6)?
-1
Let w(h) = h - 10. Suppose